oes 5 divide 12075?
True
Is 38871 a multiple of 6?
False
Is 306 a multiple of 9?
True
Does 27 divide 891?
True
Is 62 a factor of 2480?
True
Does 16 divide 2634?
False
Is 5 a factor of 345?
True
Is 24687 a multiple of 38?
False
Is 9205 a multiple of 32?
False
Does 4 divide 1320?
True
Is 4722 a multiple of 114?
False
Is 795 a multiple of 5?
True
Is 936 a multiple of 52?
True
Does 2 divide 2136?
True
Does 14 divide 1526?
True
Is 81 a factor of 117?
False
Does 128 divide 103936?
True
Does 12 divide 169?
False
Is 84 a multiple of 6?
True
Is 68 a factor of 2511?
False
Is 12 a factor of 3300?
True
Is 351 a multiple of 16?
False
Does 19 divide 133?
True
Is 1212 a multiple of 101?
True
Is 30534 a multiple of 14?
True
Is 69012 a multiple of 54?
True
Does 10 divide 94154?
False
Is 29 a factor of 145?
True
Is 45 a factor of 124?
False
Does 42 divide 5616?
False
Is 139 a multiple of 15?
False
Is 6220 a multiple of 7?
False
Does 80 divide 739?
False
Is 238 a multiple of 17?
True
Is 2592 a multiple of 36?
True
Is 987 a multiple of 3?
True
Is 107 a factor of 13065?
False
Is 7578 a multiple of 90?
False
Is 25111 a multiple of 52?
False
Does 13 divide 33140?
False
Is 87 a factor of 28955?
False
Is 26243 a multiple of 402?
False
Is 21 a factor of 47?
False
Is 84533 a multiple of 54?
False
Does 7 divide 974?
False
Does 2 divide 1527?
False
Is 8 a factor of 360?
True
Does 30 divide 1842?
False
Is 44 a multiple of 7?
False
Is 668 a multiple of 4?
True
Is 11115 a multiple of 45?
True
Is 64116 a multiple of 18?
True
Is 19320 a multiple of 168?
True
Is 126 a multiple of 20?
False
Is 10 a factor of 404?
False
Is 35 a factor of 5670?
True
Is 54 a factor of 270?
True
Is 176 a multiple of 16?
True
Is 31 a factor of 155?
True
Is 5 a factor of 2660?
True
Does 27 divide 15618?
False
Is 59 a multiple of 2?
False
Is 600 a multiple of 10?
True
Is 35 a multiple of 5?
True
Does 236 divide 9611?
False
Does 99 divide 10266?
False
Does 36 divide 16416?
True
Does 32 divide 13376?
True
Does 11 divide 154?
True
Does 12 divide 755?
False
Is 294 a multiple of 21?
True
Is 107 a factor of 19367?
True
Is 2701 a multiple of 117?
False
Is 8909 a multiple of 74?
False
Is 17595 a multiple of 69?
True
Is 14287 a multiple of 3?
False
Is 10 a factor of 24860?
True
Does 3 divide 63?
True
Is 9680 a multiple of 16?
True
Is 4 a factor of 1347?
False
Does 16 divide 9216?
True
Is 23034 a multiple of 11?
True
Is 2 a factor of 365?
False
Does 25 divide 10350?
True
Is 2710 a multiple of 90?
False
Is 12 a factor of 1517?
False
Is 3528 a multiple of 98?
True
Is 19160 a multiple of 18?
False
Is 5988 a multiple of 6?
True
Does 20 divide 60?
True
Is 49 a factor of 15092?
True
Does 12 divide 64?
False
Does 14 divide 105?
False
Is 16 a factor of 14776?
False
Is 13708 a multiple of 46?
True
Is 22925 a multiple of 58?
False
Is 14 a factor of 12588?
False
Does 12 divide 2829?
False
Is 1214 a multiple of 9?
False
Is 15 a factor of 10445?
False
Is 14 a factor of 406?
True
Is 38 a factor of 957?
False
Does 2 divide 257?
False
Is 25 a factor of 9672?
False
Does 23 divide 26312?
True
Is 35 a factor of 538?
False
Does 24 divide 798?
False
Does 19 divide 11101?
False
Does 52 divide 103480?
True
Does 63 divide 11749?
False
Is 2163 a multiple of 103?
True
Is 123 a factor of 1734?
False
Does 6 divide 402?
True
Does 156 divide 11707?
False
Does 4 divide 267?
False
Is 203 a factor of 1475?
False
Is 106 a factor of 1484?
True
Does 5 divide 1348?
False
Is 52 a factor of 12428?
True
Does 12 divide 10416?
True
Does 3 divide 633?
True
Does 90 divide 6335?
False
Is 224 a multiple of 7?
True
Is 14 a factor of 561?
False
Is 11 a factor of 1023?
True
Does 2 divide 116?
True
Is 187 a factor of 8228?
True
Is 6690 a multiple of 17?
False
Does 17 divide 6205?
True
Does 14 divide 25859?
False
Is 96 a factor of 2784?
True
Is 22 a factor of 4004?
True
Is 63 a factor of 7560?
True
Is 40 a factor of 3147?
False
Does 18 divide 378?
True
Does 62 divide 3428?
False
Does 12 divide 1534?
False
Is 13 a factor of 1862?
False
Does 48 divide 32448?
True
Is 10 a factor of 390?
True
Does 416 divide 59072?
True
Is 1624 a multiple of 4?
True
Is 14479 a multiple of 8?
False
Does 77 divide 616?
True
Does 42 divide 456?
False
Does 169 divide 31280?
False
Is 3232 a multiple of 19?
False
Does 2 divide 642?
True
Is 39 a factor of 5294?
False
Is 10 a multiple of 10?
True
Does 41 divide 3677?
False
Does 29 divide 51?
False
Is 24 a factor of 882?
False
Is 53 a factor of 79871?
True
Is 4120 a multiple of 152?
False
Does 38 divide 874?
True
Is 156 a multiple of 4?
True
Is 28665 a multiple of 12?
False
Does 27 divide 11199?
False
Is 3962 a multiple of 6?
False
Is 6 a factor of 163?
False
Is 6122 a multiple of 3?
False
Is 6 a factor of 822?
True
Does 42 divide 1176?
True
Is 4238 a multiple of 83?
False
Is 429 a multiple of 39?
True
Does 6 divide 9300?
True
Does 35 divide 11620?
True
Does 20 divide 320?
True
Does 177 divide 31562?
False
Does 69 divide 759?
True
Is 8 a factor of 2616?
True
Is 11 a factor of 363?
True
Does 4 divide 4279?
False
Does 59 divide 59910?
False
Does 9 divide 1116?
True
Does 6 divide 11201?
False
Is 14 a factor of 56?
True
Is 16 a factor of 3713?
False
Is 10 a factor of 4764?
False
Is 163 a multiple of 19?
False
Is 3712 a multiple of 30?
False
Does 21 divide 4573?
False
Does 28 divide 588?
True
Does 27 divide 4104?
True
Is 3 a factor of 35?
False
Is 87 a factor of 13349?
False
Is 22 a factor of 1804?
True
Is 37 a factor of 4033?
True
Is 1617 a multiple of 6?
False
Is 573 a multiple of 12?
False
Is 13 a factor of 10673?
True
Does 39 divide 4368?
True
Is 832 a multiple of 32?
True
Is 51220 a multiple of 26?
True
Does 7 divide 6277?
False
Is 16399 a multiple of 23?
True
Is 30 a factor of 570?
True
Is 7572 a multiple of 70?
False
Is 2196 a multiple of 2?
True
Is 26316 a multiple of 36?
True
Is 828 a multiple of 18?
True
Is 10827 a multiple of 10?
False
Is 112 a factor of 2912?
True
Is 3139 a multiple of 37?
False
Is 1427 a multiple of 12?
False
Does 102 divide 11118?
True
Is 25 a factor of 14615?
False
Is 115 a factor of 6060?
False
Is 4 a factor of 92?
True
Is 171 a factor of 5472?
True
Is 5 a factor of 1844?
False
Is 51 a factor of 204?
True
Is 120 a factor of 50807?
False
Is 12 a factor of 22?
False
Is 7219 a multiple of 24?
False
Does 43 divide 5418?
True
Is 35 a factor of 9295?
False
Is 22 a factor of 88?
True
Is 17 a factor of 2704?
False
Is 6 a factor of 59850?
True
Does 14 divide 84?
True
Is 37 a factor of 362?
False
Does 12 divide 230?
False
Is 101728 a multiple of 11?
True
Is 17160 a multiple of 15?
True
Is 4966 a multiple of 26?
True
Is 26 a factor of 416?
True
Does 20 divide 92120?
True
Is 19 a factor of 9367?
True
Is 96 a multiple of 16?
True
Is 7 a factor of 160?
False
Is 129381 a multiple of 24?
False
Is 84 a multiple of 3?
True
Is 42 a factor of 588?
True
Does 18 divide 286?
False
Does 9 divide 5731?
False
Does 5 divide 6626?
False
Does 3 divide 3873?
True
Is 12 a multiple of 12?
True
Is 102 a multiple of 3?
True
Is 5 a factor of 47617?
False
Does 69 divide 5451?
True
Is 57 a factor of 18012?
True
Does 47 divide 30242?
False
Is 192 a multiple of 16?
True
Is 10 a factor of 3660?
True
Is 6804 a multiple of 28?
True
Does 215 divide 122741?
False
Does 7 divide 2186?
False
Is 9878 a multiple of 13?
False
Does 10 divide 2749?
False
Does 12 divide 2796?
True
Is 22 a factor of 401?
False
Is 100 a factor of 11850?
False
Is 2 a factor of 85?
False
Is 7855 a multiple of 61?
False
Is 208 a multiple of 31?
False
Is 2 a factor of 2756?
True
Is 2452 a multiple of 7?
False
Is 30 a factor of 3900?
True
Is 13 a factor of 607?
False
Is 1176 a multiple of 10?
False
Is 5767 a multiple of 27?
False
Is 120 a multiple of 42?
False
Is 600 a multiple of 8?
True
Is 212 a factor of 22292?
False
Is 10600 a multiple of 10?
True
Is 4 a factor of 88?
True
Does 128 divide 5614?
False
Is 105 a factor of 42705?
False
Does 33 divide 5610?
True
Is 56 a factor of 784?
True
Does 2 divide 588?
True
Does 19 divide 76?
True
Is 4 a factor of 175?
False
Is 181 a factor of 28014?
False
Does 35 divide 35?
True
Is 376 a multiple of 13?
False
Is 84 a factor of 1596?
True
Is 40 a factor of 120?
True
Does 11 divide 806?
False
Is 187 a multiple of 4?
False
Is 79807 a multiple of 16